163
List the prime factors of 48629.
7, 6947
What are the prime factors of 833?
7, 17
List the prime factors of 6213.
3, 19, 109
List the prime factors of 100213.
100213
What are the prime factors of 8560?
2, 5, 107
What are the prime factors of 42754?
2, 21377
What are the prime factors of 14229?
3, 17, 31
What are the prime factors of 1155?
3, 5, 7, 11
List the prime factors of 238.
2, 7, 17
List the prime factors of 5008.
2, 313
What are the prime factors of 1404?
2, 3, 13
List the prime factors of 29734.
2, 14867
What are the prime factors of 472?
2, 59
List the prime factors of 1518.
2, 3, 11, 23
What are the prime factors of 26559?
3, 13, 227
What are the prime factors of 12272?
2, 13, 59
What are the prime factors of 5054?
2, 7, 19
List the prime factors of 1220.
2, 5, 61
List the prime factors of 18701.
18701
What are the prime factors of 220?
2, 5, 11
What are the prime factors of 22209?
3, 11, 673
List the prime factors of 834.
2, 3, 139
List the prime factors of 32762.
2, 16381
What are the prime factors of 10925?
5, 19, 23
What are the prime factors of 1269?
3, 47
What are the prime factors of 1388?
2, 347
What are the prime factors of 8128?
2, 127
List the prime factors of 3645.
3, 5
List the prime factors of 5340.
2, 3, 5, 89
What are the prime factors of 17737?
17737
What are the prime factors of 1102?
2, 19, 29
List the prime factors of 3213.
3, 7, 17
List the prime factors of 1231.
1231
List the prime factors of 13084.
2, 3271
List the prime factors of 6308.
2, 19, 83
What are the prime factors of 486?
2, 3
What are the prime factors of 4166?
2, 2083
What are the prime factors of 16382?
2, 8191
What are the prime factors of 1560?
2, 3, 5, 13
List the prime factors of 53656.
2, 19, 353
List the prime factors of 45202.
2, 97, 233
What are the prime factors of 7082?
2, 3541
What are the prime factors of 449?
449
List the prime factors of 2397.
3, 17, 47
List the prime factors of 3282.
2, 3, 547
What are the prime factors of 4680?
2, 3, 5, 13
What are the prime factors of 23891?
7, 3413
List the prime factors of 2540.
2, 5, 127
What are the prime factors of 66271?
66271
What are the prime factors of 9145?
5, 31, 59
What are the prime factors of 2147?
19, 113
What are the prime factors of 27437?
27437
List the prime factors of 2875.
5, 23
List the prime factors of 3810.
2, 3, 5, 127
List the prime factors of 3440.
2, 5, 43
What are the prime factors of 9205?
5, 7, 263
What are the prime factors of 331?
331
What are the prime factors of 591?
3, 197
List the prime factors of 39628.
2, 9907
List the prime factors of 3150.
2, 3, 5, 7
What are the prime factors of 46752?
2, 3, 487
What are the prime factors of 24168?
2, 3, 19, 53
List the prime factors of 27507.
3, 53, 173
What are the prime factors of 6055?
5, 7, 173
What are the prime factors of 6828?
2, 3, 569
List the prime factors of 16900.
2, 5, 13
What are the prime factors of 36124?
2, 11, 821
What are the prime factors of 1023?
3, 11, 31
List the prime factors of 145.
5, 29
List the prime factors of 59485.
5, 11897
What are the prime factors of 30563?
13, 2351
List the prime factors of 38001.
3, 53, 239
List the prime factors of 9942.
2, 3, 1657
What are the prime factors of 671?
11, 61
What are the prime factors of 3436?
2, 859
List the prime factors of 344.
2, 43
What are the prime factors of 3779?
3779
List the prime factors of 2022.
2, 3, 337
List the prime factors of 696.
2, 3, 29
What are the prime factors of 4?
2
What are the prime factors of 23131?
23131
What are the prime factors of 8964?
2, 3, 83
List the prime factors of 29682.
2, 3, 17, 97
List the prime factors of 19353.
3, 6451
What are the prime factors of 1511?
1511
What are the prime factors of 924?
2, 3, 7, 11
List the prime factors of 78.
2, 3, 13
What are the prime factors of 136?
2, 17
List the prime factors of 33061.
7, 4723
List the prime factors of 46156.
2, 11, 1049
What are the prime factors of 11548?
2, 2887
List the prime factors of 481.
13, 37
What are the prime factors of 48584?
2, 6073
What are the prime factors of 15354?
2, 3, 853
List the prime factors of 13374.
2, 3, 743
What are the prime factors of 3710?
2, 5, 7, 53
What are the prime factors of 445?
5, 89
List the prime factors of 1879.
1879
What are the prime factors of 54845?
5, 7, 1567
What are the prime factors of 56613?
3, 113, 167
List the prime factors of 1081.
23, 47
What are the prime factors of 276?
2, 3, 23
List the prime factors of 36930.
2, 3, 5, 1231
What are the prime factors of 2120?
2, 5, 53
List the prime factors of 113817.
3, 11, 3449
What are the prime factors of 1758?
2, 3, 293
List the prime factors of 24080.
2, 5, 7, 43
What are the prime factors of 25708?
2, 6427
What are the prime factors of 2958?
2, 3, 17, 29
List the prime factors of 2769.
3, 13, 71
List the prime factors of 3396.
2, 3, 283
List the prime factors of 6833.
6833
What are the prime factors of 4858?
2, 7, 347
What are the prime factors of 879?
3, 293
List the prime factors of 1439.
1439
What are the prime factors of 2170?
2, 5, 7, 31
What are the prime factors of 692?
2, 173
What are the prime factors of 10323?
3, 31, 37
List the prime factors of 13862.
2, 29, 239
What are the prime factors of 11666?
2, 19, 307
What are the prime factors of 598?
2, 13, 23
What are the prime factors of 9422?
2, 7, 673
What are the prime factors of 30001?
19, 1579
What are the prime factors of 44841?
3, 14947
List the prime factors of 33575.
5, 17, 79
What are the prime factors of 13922?
2, 6961
What are the prime factors of 4351?
19, 229
What are the prime factors of 16480?
2, 5, 103
What are the prime factors of 1874?
2, 937
What are the prime factors of 3908?
2, 977
What are the prime factors of 124157?
11, 11287
List the prime factors of 1596.
2, 3, 7, 19
What are the prime factors of 7560?
2, 3, 5, 7
List the prime factors of 6890.
2, 5, 13, 53
List the prime factors of 3104.
2, 97
What are the prime factors of 23301?
3, 863
List the prime factors of 996.
2, 3, 83
What are the prime factors of 16141?
16141
List the prime factors of 3009.
3, 17, 59
What are the prime factors of 81626?
2, 40813
List the prime factors of 34230.
2, 3, 5, 7, 163
What are the prime factors of 5779?
5779
What are the prime factors of 20023?
20023
List the prime factors of 670.
2, 5, 67
What are the prime factors of 2464?
2, 7, 11
What are the prime factors of 1394?
2, 17, 41
What are the prime factors of 2355?
3, 5, 157
What are the prime factors of 30157?
53, 569
What are the prime factors of 12599?
43, 293
List the prime factors of 57595.
5, 11519
List the prime factors of 4805.
5, 31
List the prime factors of 1478.
2, 739
List the prime factors of 6435.
3, 5, 11, 13
What are the prime factors of 1630?
2, 5, 163
What are the prime factors of 1198?
2, 599
List the prime factors of 6990.
2, 3, 5, 233
What are the prime factors of 253?
11, 23
What are the prime factors of 2275?
5, 7, 13
What are the prime factors of 1269?
3, 47
List the prime factors of 977.
977
List the prime factors of 2558.
2, 1279
List the prime factors of 2353.
13, 181
What are the prime factors of 4483?
4483
What are the prime factors of 761?
761
What are the prime factors of 1542?
2, 3, 257
What are the prime factors of 586?
2, 293
List the prime factors of 16902.
2, 3, 313
List the prime factors of 7702.
2, 3851
What are the prime factors of 10118?
2, 5059
List the prime factors of 742.
2, 7, 53
List the prime factors of 7131.
3, 2377
What are the prime factors of 31622?
2, 97, 163
List the prime factors of 1364.
2, 11, 31
What are the prime factors of 25434?
2, 3, 157
List the prime factors of 1309.
7, 11, 17
List the prime factors of 9074.
2, 13, 349
What are the prime factors of 41452?
2, 43, 241
What are the prime factors of 102940?
2, 5, 5147
What are the prime factors of 909?
3, 101
What are the prime factors of 1826?
2, 11, 83
List the prime factors of 8366.
2, 47, 89
What are the prime factors of 4555?
5, 911
What are the prime factors of 19771?
17, 1163
What are the prime factors of 329?
7, 47
List the prime factors of 97083.
3, 7, 23, 67
What are the prime factors of 50267?
7, 43, 167
List the prime factors of 17281.
11, 1571
List the prime factors of 3212.
2, 11, 73
What are the prime factors of 1161